0606?
True
Is 206154 a multiple of 234?
True
Is 12607950 a multiple of 26?
False
Is 1314916 a multiple of 34?
True
Does 25 divide 47325?
True
Is 53 a factor of 1521061?
False
Is 862268 a multiple of 90?
False
Is 54992 a multiple of 16?
True
Is 3422250 a multiple of 27?
True
Is 21215 a multiple of 29?
False
Is 50490 a multiple of 9?
True
Is 26 a factor of 2600?
True
Is 30 a factor of 794550?
True
Is 4 a factor of 49209?
False
Is 2528704 a multiple of 3?
False
Is 24977548 a multiple of 244?
True
Is 47 a factor of 705162?
False
Is 18 a factor of 2394432?
True
Is 822 a factor of 3634062?
True
Is 18 a factor of 119142?
True
Is 125541 a multiple of 22?
False
Is 473 a factor of 459283?
True
Does 3 divide 6901611?
True
Is 13 a factor of 2123511?
True
Does 31 divide 48112?
True
Is 147325 a multiple of 83?
True
Does 26 divide 1470928?
False
Is 26576226 a multiple of 31?
False
Is 8278410 a multiple of 109?
False
Does 14 divide 210994?
True
Is 1045968 a multiple of 84?
True
Is 3084695 a multiple of 427?
False
Is 82 a factor of 127391?
False
Is 13 a factor of 372645?
True
Is 114 a factor of 997151?
False
Is 10 a factor of 973831?
False
Does 1026 divide 6497658?
True
Is 622 a factor of 23343867?
False
Does 11 divide 7011147?
True
Is 3178793 a multiple of 10?
False
Does 15 divide 5812495?
False
Is 13 a factor of 945991?
False
Is 18 a factor of 102186?
True
Is 3567620 a multiple of 17?
True
Is 4971 a multiple of 3?
True
Is 21 a factor of 189625?
False
Does 39 divide 81276?
True
Does 689 divide 4825067?
True
Does 158 divide 2645552?
True
Does 4 divide 3170676?
True
Is 166 a factor of 480349?
False
Is 32 a factor of 335249?
False
Does 145 divide 159210?
True
Is 104272 a multiple of 133?
True
Is 36587 a multiple of 3?
False
Does 28 divide 2189404?
True
Does 240 divide 10189920?
True
Is 19 a factor of 544246?
False
Does 5 divide 5355?
True
Is 71 a factor of 367483?
False
Is 13 a factor of 79222?
True
Does 265 divide 46771?
False
Does 583 divide 4536779?
False
Is 196 a factor of 523516?
True
Is 227 a factor of 6221843?
True
Is 386298 a multiple of 198?
True
Does 11 divide 154346?
False
Does 140 divide 77420?
True
Does 49 divide 1496708?
False
Is 253335 a multiple of 37?
False
Is 352 a factor of 1192682?
False
Is 14 a factor of 5376?
True
Is 98 a factor of 3732640?
False
Does 2 divide 15386?
True
Is 303 a factor of 972069?
False
Is 122 a factor of 2417769?
False
Is 22011 a multiple of 4?
False
Is 3 a factor of 3830934?
True
Is 118 a factor of 6088092?
True
Is 470 a factor of 1651110?
True
Is 79 a factor of 404894?
False
Does 65 divide 223955?
False
Does 30 divide 266220?
True
Does 71 divide 81792?
True
Is 7 a factor of 94290?
True
Does 55 divide 483175?
True
Is 32 a factor of 171217?
False
Is 5 a factor of 2433?
False
Is 50 a factor of 1018?
False
Is 63 a factor of 2028530?
False
Is 1721678 a multiple of 217?
True
Is 4458794 a multiple of 9?
False
Is 275 a factor of 188375?
True
Is 41 a factor of 23470?
False
Is 2280675 a multiple of 47?
True
Is 23 a factor of 78724?
False
Is 1326 a factor of 5700474?
True
Is 8 a factor of 55304?
True
Is 160 a factor of 1082720?
True
Is 766920 a multiple of 3?
True
Is 127 a factor of 2287437?
False
Does 70 divide 5132697?
False
Is 216160 a multiple of 80?
True
Is 40 a factor of 1576?
False
Is 60544 a multiple of 22?
True
Does 626 divide 211437?
False
Is 26303 a multiple of 2?
False
Is 32 a factor of 111901?
False
Does 36 divide 2572095?
False
Does 140 divide 50940?
False
Is 2108009 a multiple of 74?
False
Is 204 a factor of 34762?
False
Is 1925796 a multiple of 20?
False
Is 24 a factor of 4626229?
False
Does 464 divide 670016?
True
Is 59506 a multiple of 35?
False
Does 109 divide 1643502?
True
Is 2204597 a multiple of 17?
False
Does 11 divide 558715?
False
Does 77 divide 648032?
True
Is 5398711 a multiple of 16?
False
Is 163 a factor of 2141331?
True
Is 5 a factor of 2425916?
False
Is 105412 a multiple of 38?
True
Does 517 divide 5780502?
False
Does 29 divide 625530?
True
Is 18 a factor of 298421?
False
Is 428 a factor of 630872?
True
Does 17 divide 40936?
True
Is 27 a factor of 19211877?
True
Is 220577 a multiple of 7?
True
Is 95598 a multiple of 282?
True
Does 258 divide 707688?
False
Is 1068413 a multiple of 146?
False
Is 486841 a multiple of 347?
True
Is 7938102 a multiple of 132?
False
Is 50416 a multiple of 576?
False
Is 19 a factor of 2300760?
False
Does 35 divide 175875?
True
Does 13 divide 2061529?
False
Is 1310632 a multiple of 46?
True
Is 24 a factor of 42036?
False
Is 20 a factor of 449631?
False
Is 29 a factor of 3593730?
False
Is 7 a factor of 57771?
True
Does 11 divide 1798568?
False
Is 346 a factor of 490392?
False
Is 57450 a multiple of 178?
False
Is 1439 a factor of 4934974?
False
Does 22 divide 32472?
True
Is 195 a factor of 149760?
True
Does 73 divide 907025?
True
Is 138 a factor of 28014?
True
Does 28 divide 240576?
True
Is 19 a factor of 857250?
False
Does 19 divide 2852508?
True
Does 1101 divide 1525986?
True
Does 5 divide 200565?
True
Does 102 divide 146472?
True
Does 13 divide 122762?
False
Is 3181256 a multiple of 724?
True
Is 535976 a multiple of 28?
True
Does 178 divide 225170?
True
Does 41 divide 36894596?
False
Is 65 a factor of 312260?
True
Is 142 a factor of 8392891?
False
Is 660745 a multiple of 3?
False
Is 411 a factor of 790228?
False
Is 414408 a multiple of 62?
True
Is 1424872 a multiple of 297?
False
Is 99322 a multiple of 49?
False
Is 28 a factor of 3539984?
True
Is 134390 a multiple of 10?
True
Is 611639 a multiple of 667?
True
Is 82 a factor of 537100?
True
Does 154 divide 129905?
False
Does 8 divide 179752?
True
Is 102 a factor of 537174?
False
Does 10 divide 4393453?
False
Is 2190330 a multiple of 4?
False
Does 77 divide 935365?
False
Does 61 divide 446631?
False
Is 7 a factor of 239546?
False
Is 40 a factor of 7424535?
False
Is 19457770 a multiple of 107?
False
Is 517185 a multiple of 3?
True
Does 13 divide 1865785?
False
Does 165 divide 100079?
False
Is 44677 a multiple of 184?
False
Is 21 a factor of 1980635?
False
Is 972805 a multiple of 29?
True
Does 5 divide 54869?
False
Does 692 divide 3347397?
False
Is 2 a factor of 163135?
False
Is 18 a factor of 3879828?
True
Does 4 divide 1616512?
True
Does 3 divide 43135?
False
Is 3794448 a multiple of 12?
True
Is 315278 a multiple of 207?
False
Is 133680 a multiple of 48?
True
Is 19 a factor of 56734?
True
Does 5 divide 498800?
True
Does 42 divide 381318?
True
Does 56 divide 245213?
False
Does 47 divide 48269?
True
Does 13 divide 3413309?
False
Is 12 a factor of 33759?
False
Is 9 a factor of 465440?
False
Is 185 a factor of 7372082?
False
Does 28 divide 832802?
False
Is 642 a factor of 500087?
False
Is 194427 a multiple of 171?
True
Is 2741713 a multiple of 13?
True
Does 136 divide 1081199?
False
Is 88 a factor of 363088?
True
Is 92950 a multiple of 36?
False
Does 23 divide 32411?
False
Is 45 a factor of 157754?
False
Does 28 divide 1894536?
True
Is 6 a factor of 569772?
True
Is 200 a factor of 30588000?
True
Is 184796 a multiple of 259?
False
Is 138 a factor of 4470510?
True
Does 7 divide 2856140?
True
Is 311 a factor of 354540?
True
Is 97251 a multiple of 2?
False
Does 102 divide 811308?
True
Is 61 a factor of 3397075?
False
Does 607 divide 1128413?
True
Is 3 a factor of 203687?
False
Is 3 a factor of 18854?
False
Does 12 divide 198588?
True
Does 19 divide 194356?
False
Is 6696738 a multiple of 38?
False
Does 51 divide 92259?
True
Is 655 a factor of 1604750?
True
Is 903864 a multiple of 331?
False
Is 2369 a multiple of 103?
True
Is 235107 a multiple of 28?
False
Is 5 a factor of 75507?
False
Is 1446 a factor of 9562022?
False
Is 101838 a multiple of 66?
True
Does 108 divide 5184?
True
Does 172 divide 1031828?
True
Is 287610 a multiple of 177?
False
Is 900680 a multiple of 178?
True
Is 13 a factor of 1269595?
False
Is 325 a factor of 1267500?
True
Is 19 a factor of 760?
True
Is 126245 a multiple of 137?
False
Does 20 divide 1058940?
True
Is 4 a factor of 46401?
False
Is 183 a factor of 2439990?
False
Does 20 divide 4773800?
True
Is 978 a factor of 1255123?
False
Does 850 divide 6052297?
False
Is 16 a factor of 4209622?
False
Is 10 a factor of 89430?
True
Is 6091557 a multiple of 32?
False
Is 6897312 a multiple of 12?
True
Is 42310 a multi